858 composite?
True
Is 36915243319 a prime number?
False
Is 53850064211 a composite number?
False
Is 44787051091 prime?
True
Is 3449822633 prime?
False
Is 142394084479 a composite number?
False
Is 108798102013 a composite number?
True
Is 13086332191 composite?
True
Is 1484819969 prime?
True
Is 32067561371 composite?
True
Is 1013645569 a composite number?
True
Is 224024653 a composite number?
True
Is 2989281103 prime?
True
Is 1456195439 a prime number?
False
Is 220289807 composite?
False
Is 936299211 composite?
True
Is 506610187 a composite number?
False
Is 4341412007 composite?
True
Is 77980537861 composite?
True
Is 1249278571 a composite number?
False
Is 34402759 a composite number?
True
Is 4448635991 prime?
True
Is 1386037801 composite?
False
Is 3372407611 a prime number?
False
Is 18431677921 prime?
True
Is 13527996073 composite?
False
Is 7734289091 composite?
False
Is 157351872533 prime?
False
Is 1250212703 composite?
False
Is 2928333719 a composite number?
False
Is 9844514789 a composite number?
False
Is 1220085143 a composite number?
True
Is 580295659 a prime number?
True
Is 882261931 prime?
True
Is 19312493569 a composite number?
True
Is 25281917 prime?
False
Is 161370286633 a prime number?
False
Is 1628623861 a composite number?
False
Is 24802912465 a prime number?
False
Is 2381860049 prime?
False
Is 217068497 composite?
False
Is 433401263 a composite number?
False
Is 2622377939 a composite number?
True
Is 535525597 a prime number?
False
Is 19926634015 composite?
True
Is 67499639509 a composite number?
False
Is 15361792291 prime?
True
Is 100820411 prime?
True
Is 5348102173 a composite number?
True
Is 308550569 a prime number?
True
Is 379126109 composite?
False
Is 1406719357 prime?
True
Is 308917241 a prime number?
True
Is 443877961 a prime number?
True
Is 448365271 a composite number?
True
Is 104269811 a prime number?
False
Is 557315503 a prime number?
True
Is 94135552761 a prime number?
False
Is 697438241 composite?
False
Is 4015950709 prime?
False
Is 5399737463 composite?
True
Is 51412575387 prime?
False
Is 203948821 a composite number?
True
Is 315482147 a composite number?
True
Is 10752858929 prime?
True
Is 7585257223 a composite number?
False
Is 3831889 a composite number?
False
Is 91445820077 prime?
True
Is 8159534429 a composite number?
False
Is 9581500619 a prime number?
True
Is 18011221726 a prime number?
False
Is 817405291 prime?
True
Is 2531064983 a composite number?
True
Is 7804472541 composite?
True
Is 823808903 composite?
True
Is 18614070907 a prime number?
True
Is 1296319889 composite?
False
Is 19056516313 a prime number?
True
Is 66620338541 composite?
False
Is 303927747157 a composite number?
True
Is 48336335981 a prime number?
True
Is 210044881 a composite number?
False
Is 6480366589 prime?
False
Is 925966751 prime?
True
Is 660602669 composite?
False
Is 1999063309 composite?
True
Is 1613691847 a prime number?
False
Is 1666627229 a composite number?
False
Is 180853759 prime?
True
Is 9055453883 prime?
False
Is 6252088919 a composite number?
True
Is 75226334369 a prime number?
True
Is 3646359411 a composite number?
True
Is 1308307709 a composite number?
True
Is 6776581949 prime?
False
Is 150154969 composite?
False
Is 466347529 composite?
False
Is 6174583727 composite?
True
Is 99704284829 prime?
False
Is 529691711 a composite number?
False
Is 115448740009 prime?
False
Is 166437911 a composite number?
True
Is 2455268951 a composite number?
False
Is 3205108027 prime?
False
Is 675643093 composite?
False
Is 958581595 prime?
False
Is 14843805779 composite?
True
Is 18777175271 a composite number?
False
Is 182237964671 a prime number?
False
Is 38014948051 prime?
True
Is 3586915461 prime?
False
Is 5021859079 composite?
False
Is 1028544799 a prime number?
False
Is 861046433 a composite number?
True
Is 73007382259 a prime number?
False
Is 755407733 composite?
True
Is 1349553949 prime?
True
Is 4679325591 a prime number?
False
Is 7759333999 a prime number?
True
Is 193437661 a composite number?
True
Is 34106420737 a prime number?
False
Is 5141324701 prime?
True
Is 516643133 composite?
False
Is 305969141 a prime number?
False
Is 76923804977 prime?
True
Is 71236751 prime?
False
Is 9747193273 prime?
True
Is 4388264533 a prime number?
True
Is 817148461 prime?
True
Is 44367430621 a composite number?
False
Is 2561746685 composite?
True
Is 77659866409 a prime number?
True
Is 32643177851 a composite number?
True
Is 903469439 a composite number?
True
Is 110945016583 a composite number?
True
Is 613184521 a prime number?
False
Is 6360226181 prime?
False
Is 5992629343 a composite number?
True
Is 1516851647 a prime number?
True
Is 6457997363 prime?
True
Is 1999141769 prime?
False
Is 13980964399 a composite number?
False
Is 27242131037 prime?
False
Is 4774616489 a prime number?
False
Is 771233993 a composite number?
True
Is 1158198391 a composite number?
True
Is 147627990137 a prime number?
True
Is 262743353 composite?
False
Is 45505210801 a prime number?
True
Is 382793491 a prime number?
True
Is 16561208197 composite?
False
Is 42864898537 a prime number?
True
Is 1439815711 prime?
True
Is 1063352837 a prime number?
True
Is 24832215821 prime?
False
Is 84074702857 a prime number?
False
Is 9344359019 a composite number?
False
Is 1981129907 a composite number?
True
Is 14119963919 a prime number?
True
Is 615798931 a prime number?
False
Is 55262326237 a prime number?
True
Is 3436654501 prime?
False
Is 7776427 prime?
True
Is 21078306026 a composite number?
True
Is 35046180431 a prime number?
True
Is 1984151809 prime?
False
Is 425532551 a composite number?
False
Is 17367756221 a prime number?
True
Is 1922998507 a prime number?
False
Is 2194502797 a composite number?
False
Is 6558376703 prime?
False
Is 520836299 a composite number?
False
Is 67497420367 a prime number?
False
Is 575186891 composite?
True
Is 1129087051 a composite number?
True
Is 968054861 prime?
False
Is 267711751 a prime number?
False
Is 781489661 a prime number?
True
Is 6035354735 prime?
False
Is 129889041682 a prime number?
False
Is 1952041153 a prime number?
False
Is 14926447 a composite number?
True
Is 6389388329 composite?
True
Is 51247578047 a prime number?
False
Is 11424018057 a composite number?
True
Is 10502495845 composite?
True
Is 4871805041 prime?
True
Is 1333859867 prime?
False
Is 3602000213 composite?
True
Is 1634465705 a composite number?
True
Is 1902480169 a composite number?
False
Is 193142101 composite?
True
Is 379798931 composite?
True
Is 40317887023 prime?
True
Is 23669981737 prime?
False
Is 6670702373 prime?
True
Is 196917073 a prime number?
True
Is 7260270503 a prime number?
True
Is 95741141 a composite number?
True
Is 993594923 prime?
False
Is 108041257787 a composite number?
True
Is 32998469549 a prime number?
False
Is 243102239 a composite number?
True
Is 386952949 a composite number?
True
Is 64001691257 composite?
True
Is 13618998205 prime?
False
Is 36641103826 a composite number?
True
Is 8822828381 composite?
False
Is 91805614 a composite number?
True
Is 9083090053 a prime number?
False
Is 207932567 composite?
True
Is 8914303459 a prime number?
True
Is 1540694522 a prime number?
False
Is 292976741 composite?
False
Is 58574557651 composite?
False
Is 3908230699 a composite number?
False
Is 12186256109 composite?
True
Is 3324601754 a composite number?
True
Is 2556466769 prime?
True
Is 208980881 a prime number?
False
Is 1195199573 prime?
True
Is 7771812929 a composite number?
True
Is 2399460473 prime?
True
Is 181024670815 a composite number?
True
Is 609946153 prime?
True
Is 15987850867 a composite number?
True
Is 739884853 prime?
False
Is 1283357107 a composite number?
True
Is 1229284291 a prime number?
False
Is 3118741531 a prime number?
False
Is 192367534 a composite number?
True
Is 2968417433 composite?
True
Is 923838119 prime?
True
Is 1051325593 prime?
True
Is 248434113 composite?
True
Is 457507663 a composite number?
True
Is 2800139569 prime?
False
Is 291640109 composite?
False
Is 50089614601 a prime number?
False
Is 701122969 a prime number?
False
Is 88143973 composite?
True
Is 3825272873 a prime number?
True
Is 3374311069 a prime number?
True
Is 26754325478 composite?
True
Is 3887531027 a composite number?
False
Is 109798901 a composite number?
True
Is 3421880